157. What is k(-13)?
52
Let s(q) = 14*q - 91. Calculate s(-16).
-315
Let q(k) = 119*k - 708. Determine q(6).
6
Let f(p) = -29*p**3 - 5*p**2 + 6*p - 17. Determine f(3).
-827
Let l(g) = -4*g**3 + 19*g**2 + 6*g - 20. Give l(6).
-164
Let k(j) = -j**2 - 171*j - 4741. Give k(-136).
19
Let v(m) = -2*m**3 + 64*m**2 - 121*m + 1796. Determine v(31).
-33
Let p(y) = -8031*y - 184717. Determine p(-23).
-4
Let r(f) = 3*f**2 + 82*f + 63. Determine r(-23).
-236
Let b(h) = h**2 - 9*h - 8. Give b(-4).
44
Let w(j) = -1506*j - 13550. Calculate w(-9).
4
Let s(w) = 115*w + 928. Calculate s(-8).
8
Let o(w) = w**3 + 28*w**2 - 46*w + 420. What is o(-30)?
0
Let d(h) = h**3 - 6*h**2 - 15*h + 7. Give d(-4).
-93
Let x(g) = -870*g - 20008. What is x(-23)?
2
Let s(t) = 3208*t + 38500. What is s(-12)?
4
Let u(n) = 19*n + 41. What is u(-6)?
-73
Let x(j) = -2*j**2 + 4*j - 8. Calculate x(-3).
-38
Let f(k) = 5*k**2 - 284*k + 3141. What is f(42)?
33
Let q(y) = -y**2 - 2072*y - 8277. What is q(-4)?
-5
Let w(p) = -299*p + 4791. Calculate w(16).
7
Let l(v) = 22*v + 1140. Determine l(-44).
172
Let q(t) = 18*t**2 + 704*t + 58. Calculate q(-39).
-20
Let d(g) = -5*g + 284. Give d(62).
-26
Let s(q) = -8*q**2 - q + 42. Calculate s(4).
-90
Let q(z) = 18*z + 93. Determine q(-6).
-15
Let p(c) = c**3 - 5*c**2 - 1047*c + 4196. Determine p(4).
-8
Let i(z) = -3*z**3 + 6*z**2 + 3*z - 10. Determine i(5).
-220
Let c(u) = -1075*u + 4300. Determine c(4).
0
Let b(s) = s**2 - 44*s - 42. Determine b(37).
-301
Let f(z) = -69*z + 3150. Calculate f(46).
-24
Let b(y) = y**3 - 54*y**2 + 71*y - 995. Give b(53).
-41
Let a(d) = 6*d**3 - 2*d**2 + 8*d - 16. Give a(2).
40
Let l(a) = -525*a + 7352. Calculate l(14).
2
Let y(l) = -277*l - 10525. Calculate y(-38).
1
Let f(o) = -o**3 - 19*o**2 - 16*o + 36. Calculate f(-18).
0
Let f(m) = -m**2 + 3*m + 241. Calculate f(-15).
-29
Let z(s) = 133*s + 926. Determine z(-7).
-5
Let h(y) = -y**3 + 5*y**2 + 25*y - 43. What is h(8)?
-35
Let m(n) = n**2 + 167*n - 497. What is m(3)?
13
Let z(m) = -15*m**3 - 3*m**2 - 3*m - 1. What is z(-2)?
113
Let b(l) = 5*l**2 - 23*l - 13. Calculate b(7).
71
Let v(c) = 33*c**3 + 64*c**2 - 2*c + 4. Give v(-2).
0
Let h(n) = -n**3 - 3*n**2 + n - 42. Determine h(-5).
3
Let t(j) = -2*j**2 - 54*j + 17111. Calculate t(80).
-9
Let z(r) = 3*r**2 - 1006*r - 2017. Give z(-2).
7
Let x(m) = -21*m - 101. Calculate x(0).
-101
Let x(m) = m**3 - 16*m - 13. Give x(-6).
-133
Let g(o) = 13*o**2 + 10*o - 2. What is g(-1)?
1
Let l(n) = -n**2 + 27*n - 37. Calculate l(1).
-11
Let r(m) = -50*m - 168. Give r(-5).
82
Let p(t) = 4*t**3 + 3*t - 1. What is p(1)?
6
Let k(l) = -2391*l + 14340. Determine k(6).
-6
Let b(t) = 14*t + 715. Give b(-40).
155
Let z(y) = -7*y**3 + y**2 - 19*y + 31. Give z(2).
-59
Let r(s) = -5*s**2 - 318*s - 454. Determine r(-62).
42
Let b(t) = -t**3 + 13*t**2 + 17*t - 173. Calculate b(12).
175
Let w(o) = o**2 + 282*o + 9269. Determine w(-38).
-3
Let k(l) = 689*l + 41318. Calculate k(-60).
-22
Let x(z) = z**2 + 128. Determine x(0).
128
Let d(n) = 3*n**2 - 148*n + 349. Give d(47).
20
Let j(k) = -k**2 - 12*k + 105. Give j(-27).
-300
Let y(v) = -19*v**2 - 150*v + 188. Give y(-9).
-1
Let a(z) = z**3 - 39*z**2 - 88*z + 304. Calculate a(41).
58
Let k(l) = 80*l + 501. What is k(-6)?
21
Let p(b) = b**2 + 73*b + 1267. Give p(-43).
-23
Let j(g) = -39*g + 785. Calculate j(-15).
1370
Let c(j) = j**3 + 7*j**2 - 5*j - 30. Give c(-6).
36
Let m(k) = 96*k**2 - 12*k + 13. What is m(2)?
373
Let b(i) = -2*i**3 - 23*i**2 + 12*i + 42. Determine b(-12).
42
Let q(x) = -3*x + 122. What is q(7)?
101
Let y(a) = a**3 - 18*a**2 - 119*a - 192. Determine y(-3).
-24
Let p(q) = -3*q**2 - 150*q + 9. Calculate p(0).
9
Let i(l) = -7*l**3 - 113*l**2 - 6*l + 177. Determine i(-16).
17
Let b(i) = -2*i**3 + 29*i**2 + 9*i + 64. Give b(15).
-26
Let i(l) = -3*l**2 - 140*l - 241. Calculate i(-45).
-16
Let k(u) = -8*u + 51. Calculate k(7).
-5
Let a(z) = 2*z**3 - 47*z**2 - 9*z - 221. Give a(24).
139
Let k(u) = -992*u - 149787. Determine k(-151).
5
Let a(d) = -294*d - 1173. Calculate a(-4).
3
Let n(b) = b**3 - b**2 + 13*b + 53. Determine n(0).
53
Let z(u) = u**3 - 53*u**2 + 90*u + 612. Determine z(51).
0
Let h(s) = -3*s**3 + s**2 + 4*s + 5. Determine h(-2).
25
Let u(k) = 2*k**2 - 156*k + 590. Calculate u(74).
-2
Let t(p) = -3*p**2 + 93*p + 16. Give t(31).
16
Let v(g) = -g**3 + 6*g**2 + 39*g + 15. Give v(10).
5
Let g(s) = 825*s + 778. Calculate g(-1).
-47
Let i(k) = k**3 - 8*k**2 - 29*k + 58. What is i(14)?
828
Let z(y) = -2*y**2 + 10*y + 59. What is z(-5)?
-41
Let j(w) = -6*w**3 + 2*w**2 + 66*w + 65. Give j(-1).
7
Let h(a) = -a**3 + 70*a**2 - 496*a + 7. Determine h(62).
7
Let o(p) = -8*p**3 - 1371*p**2 - 511*p + 352. Give o(-171).
10
Let m(d) = 4*d**2 - 8*d - 124. Give m(-5).
16
Let b(k) = 6*k - 95. What is b(0)?
-95
Let a(c) = 49*c + 3440. Give a(-70).
10
Let p(r) = -r + 19. Calculate p(-5).
24
Let s(x) = -x**2 + 44*x - 239. Calculate s(38).
-11
Let y(z) = -208*z + 1097. Calculate y(5).
57
Let y(d) = -186*d - 1441. Give y(-8).
47
Let l(j) = 2*j**2 - 386*j - 1568. Determine l(-4).
8
Let m(v) = -820*v + 1646. What is m(2)?
6
Let x(o) = 135*o - 2212. Give x(16).
-52
Let a(y) = -2*y**2 - 52*y - 64. Give a(-24).
32
Let c(f) = 2*f**2 + 496*f - 2525. What is c(5)?
5
Let p(h) = -3819*h - 38187. Determine p(-10).
3
Let l(s) = 43*s**2 + 180*s + 145. What is l(-3)?
-8
Let c(s) = -222*s + 24651. What is c(111)?
9
Let j(g) = -2*g**2 + 68*g - 144. Calculate j(2).
-16
Let b(o) = -143*o - 1047. Calculate b(-7).
-46
Let t(u) = -u**3 - 27*u**2 + 60*u - 38. Give t(-29).
-96
Let t(l) = l**2 + l - 108. What is t(11)?
24
Let g(x) = -18*x + 509. Give g(28).
5
Let r(g) = 98*g + 723. Give r(-7).
37
Let y(q) = -q**2 + 532*q + 9342. Calculate y(-17).
9
Let i(g) = 539*g**2 + 6468*g - 16. Calculate i(-12).
-16
Let x(f) = 3*f**2 + 7*f - 55. What is x(0)?
-55
Let g(w) = -w**3 + 10*w**2 - 32*w + 288. Determine g(10).
-32
Let t(f) = f**3 - 12*f**2 + 11*f - 11. Give t(7).
-179
Let r(i) = i - 88. What is r(1)?
-87
Let z(n) = n**3 + 5*n**2 - 21*n - 48. Determine z(-2).
6
Let x(i) = 34*i**2 - 33*i - 98. Calculate x(-3).
307
Let q(g) = -5*g**2 + 3*g + 103. Calculate q(5).
-7
Let r(g) = -2*g**3 + 30*g**2 - 40*g + 638. Calculate r(15).
38
Let v(l) = 2*l**3 - 16*l**2 + 15*l - 16. Determine v(7).
-9
Let j(d) = 414*d + 9520. Determine j(-23).
-2
Let g(x) = -80*x**2 - 1044*x - 45. What is g(-13)?
7
Let n(k) = k**3 - 8*k - 16. Calculate n(-4).
-48
Let u(k) = -40*k**2 - 6479*k + 148. Calculate u(-162).
-14
Let s(w) = -3*w**2 + 182*w - 1984. Calculate s(15).
71
Let c(r) = r**3 - 37*r**2 + 167*r - 24. Give c(32).
200
Let b(c) = -112*c - 665. Give b(-6).
7
Let f(n) = 3*n**3 + 40*n**2 + n - 108. Give f(-13).
48
Let k(x) = x**3 + 19*x**2 + 5*x + 94. Calculate k(-19).
-1
Let z(m) = -m**3 - 29*m**2 - 39*m - 59. Give z(-27).
-464
Let j(r) = r**2 + 43*r + 194. Give j(-61).
1292
Let d(v) = -129*v + 2070. Calculate d(16).
6
Let s(j) = 3*j - 95. Give s(8).
-71
Let q(h) = 2*h**3 - 19*h**2 - 47*h + 152. Give q(11).
-2
Let s(o) = 23*o**2 + 8*o + 3. Calculate s(-3).
186
Let y(c) = -3*c**2 + 118*c + 576. Give y(-5).
-89
Let d(b) = 71*b**2 + 1204*b - 43. Calculate d(-17).
8
Let o(x) = 3*x**2 + 85*x - 187. Calculate o(-31).
61
Let v(f) = 55*f + 276. What is v(-5)?
1
Let c(p) = -p**3 + 16*p**2 - 74*p + 637. What is c(14)?
-7
Let q(f) = f**3 - 450*f**2 - 1365*f + 2706. Give q(453).
-12
Let d(x) = -x**2 + 32*x - 206. Determine d(11).
25
Let x(b) = -107*b - 10. Calculate x(0).
-10
Let k(p) = -125*p + 306. Give k(3).
-69
Let a(o) = 74*o**3 - 4*o**2 - 4*o + 7. What is a(1)?
73
Let q(d) = 162*d - 1463. Give q(9).
-5
Let f(y) = -4*y**2 - 121*y + 999. Calculate f(-37).
0
Let m(p) = 2*p**2 - 93*p + 1098. Determine m(23).
17
Let d(l) = l**3 - 64*l**2 + 831*l + 462. Give d(19).
6
Let g(c) = -45*c - 113. What is g(-6)?
157
Let y(h) = -h**2 + 23*h - 150. Calculate y(32).
-438
Let y(g) = g**3 - 52*g**2 - 111*g + 169. What is y(54)?
7
Let x(d) = d**3 - 5*d**2 + 20*d - 70. Calculate x(6).
86
Let n(h) = 53*h - 5293. Determine n(100).
7
Let o(w) = 10*w**2 + 374*w + 694. Give o(-2).
-14
Let o(l) = l**3 - 6*l**2 + 14*l + 17. Give o(7).
164
Let x(a) = -536*a - 5863. What is x(-11)?
33
Let s(p) = -p**3 + 11*p**2 - 30*p + 37. What is s(8)?
-11
Let l(g) = 2*g**3 + 6*g**2 - 36*g + 1. 